{"id":45,"date":"2012-02-06T18:14:43","date_gmt":"2012-02-06T17:14:43","guid":{"rendered":"http:\/\/notredamedelavisitation-gruson.fr\/?page_id=45"},"modified":"2024-10-07T11:57:15","modified_gmt":"2024-10-07T09:57:15","slug":"constitution-des-classes","status":"publish","type":"page","link":"https:\/\/notredamedelavisitation-gruson.fr\/?page_id=45","title":{"rendered":"Structure de l&rsquo;\u00e9cole"},"content":{"rendered":"\n<div class=\"wp-block-group\"><div class=\"wp-block-group__inner-container is-layout-flow wp-block-group-is-layout-flow\">\n<p><span style=\"color: #ff6600;\"><em><span style=\"text-decoration: underline;\"><span style=\"font-size: 18pt; font-family: 'times new roman', times, serif;\"><strong>Ann\u00e9e 2024\/2025:<\/strong><\/span><\/span><\/em><\/span><\/p>\n<p>\u00a0<\/p>\n<p><strong><span style=\"font-family: times new roman, times, serif; font-size: 14pt;\"><span style=\"text-decoration: underline;\">Direction<\/span>: Mme Val\u00e9rie Turck<\/span><\/strong><\/p>\n<p>\u00a0<\/p>\n<p><span style=\"color: #ff00ff; font-size: 14pt; font-family: 'times new roman', times, serif;\"><strong><span style=\"text-decoration: underline;\">TPS-PS-MS<\/span> : Mme Justine Peretz +<\/strong><\/span><span style=\"color: #ff00ff; font-size: 14pt; font-family: 'times new roman', times, serif;\"><strong> Mme Anne Kokel (Aide maternelle) + Nolan (Aide maternelle en formation)<\/strong><\/span><\/p>\n<p style=\"text-align: left;\"><span style=\"color: #ff00ff; font-size: 14pt; font-family: 'times new roman', times, serif;\"><strong><span style=\"text-decoration: underline;\">Sieste<\/span> : Mme Anne Kokel<br \/><\/strong><\/span><\/p>\n<p>\u00a0<\/p>\n<p><span style=\"color: #3366ff; font-size: 14pt; font-family: 'times new roman', times, serif;\"><strong><span style=\"text-decoration: underline;\">GS-CP<\/span> : Mme S\u00e9gol\u00e8ne Magnier + Mme Clotilde Leli\u00e8vre (Aide maternelle le matin)<br \/><\/strong><\/span><\/p>\n<p><span style=\"color: #ff6600; font-size: 14pt; font-family: 'times new roman', times, serif;\"><strong><span style=\"text-decoration: underline;\">CE1-CE2<\/span> : Mme V\u00e9ronique Soyez\u00a0<br \/><\/strong><\/span><\/p>\n<p><span style=\"color: #339966; font-size: 14pt; font-family: 'times new roman', times, serif;\"><strong><span style=\"text-decoration: underline;\">CM1-CM2<\/span> : Mme Justine Planqueel<\/strong><\/span><\/p>\n<p><span style=\"color: #339966; font-size: 14pt; font-family: 'times new roman', times, serif;\"><strong>\u00a0 \u00a0 \u00a0 \u00a0 \u00a0 \u00a0 \u00a0 \u00a0 \u00a0 \u00a0 \u00a0\u00a0<br \/><\/strong><\/span><\/p>\n<p><span style=\"font-size: 14pt; font-family: 'times new roman', times, serif;\"><strong><span style=\"color: #808000;\"><span style=\"text-decoration: underline;\">Secr\u00e9tariat<\/span> : Mme Clotilde Leli\u00e8vre (l&rsquo;apr\u00e8s-midi)<br \/><\/span><\/strong><\/span><\/p>\n<p><strong><span style=\"color: #808000;\"><span style=\"font-size: 14pt; font-family: 'times new roman', times, serif;\"><span style=\"text-decoration: underline;\">M\u00e9nage<\/span> : Mme Fran\u00e7oise Mar\u00e8s<\/span><br \/><\/span><\/strong><\/p>\n<p>\u00a0<\/p>\n<\/div><\/div>\n","protected":false},"excerpt":{"rendered":"<p>Ann\u00e9e 2024\/2025: \u00a0 Direction: Mme Val\u00e9rie Turck \u00a0 TPS-PS-MS : Mme Justine Peretz + Mme Anne Kokel (Aide maternelle) + Nolan (Aide maternelle en formation) Sieste : Mme Anne Kokel \u00a0 GS-CP : Mme S\u00e9gol\u00e8ne Magnier + Mme Clotilde Leli\u00e8vre (Aide maternelle le matin) CE1-CE2 : Mme V\u00e9ronique Soyez\u00a0 CM1-CM2 : Mme Justine Planqueel \u00a0 \u00a0 \u00a0 \u00a0 \u00a0 \u00a0 \u00a0 \u00a0 \u00a0 \u00a0 \u00a0\u00a0 Secr\u00e9tariat : Mme Clotilde Leli\u00e8vre (l&rsquo;apr\u00e8s-midi) M\u00e9nage : Mme Fran\u00e7oise Mar\u00e8s \u00a0<\/p>\n","protected":false},"author":2,"featured_media":0,"parent":41,"menu_order":2,"comment_status":"closed","ping_status":"open","template":"template-page-builder-no-sidebar.php","meta":{"ngg_post_thumbnail":0,"footnotes":""},"class_list":["post-45","page","type-page","status-publish","hentry"],"jetpack_sharing_enabled":true,"_links":{"self":[{"href":"https:\/\/notredamedelavisitation-gruson.fr\/index.php?rest_route=\/wp\/v2\/pages\/45","targetHints":{"allow":["GET"]}}],"collection":[{"href":"https:\/\/notredamedelavisitation-gruson.fr\/index.php?rest_route=\/wp\/v2\/pages"}],"about":[{"href":"https:\/\/notredamedelavisitation-gruson.fr\/index.php?rest_route=\/wp\/v2\/types\/page"}],"author":[{"embeddable":true,"href":"https:\/\/notredamedelavisitation-gruson.fr\/index.php?rest_route=\/wp\/v2\/users\/2"}],"replies":[{"embeddable":true,"href":"https:\/\/notredamedelavisitation-gruson.fr\/index.php?rest_route=%2Fwp%2Fv2%2Fcomments&post=45"}],"version-history":[{"count":30,"href":"https:\/\/notredamedelavisitation-gruson.fr\/index.php?rest_route=\/wp\/v2\/pages\/45\/revisions"}],"predecessor-version":[{"id":14266,"href":"https:\/\/notredamedelavisitation-gruson.fr\/index.php?rest_route=\/wp\/v2\/pages\/45\/revisions\/14266"}],"up":[{"embeddable":true,"href":"https:\/\/notredamedelavisitation-gruson.fr\/index.php?rest_route=\/wp\/v2\/pages\/41"}],"wp:attachment":[{"href":"https:\/\/notredamedelavisitation-gruson.fr\/index.php?rest_route=%2Fwp%2Fv2%2Fmedia&parent=45"}],"curies":[{"name":"wp","href":"https:\/\/api.w.org\/{rel}","templated":true}]}}

Structure de l&rsquo;école

<div class="wp-block-group"><div class="wp-block-group__inner-container is-layout-flow wp-block-group-is-layout-flow">
<p><span style="color: #ff6600;"><em><span style="text-decoration: underline;"><span style="font-size: 18pt; font-family: 'times new roman', times, serif;"><strong>Année 2024/2025:</strong></span></span></em></span></p>
<p> </p>
<p><strong><span style="font-family: times new roman, times, serif; font-size: 14pt;"><span style="text-decoration: underline;">Direction</span>: Mme Valérie Turck</span></strong></p>
<p> </p>
<p><span style="color: #ff00ff; font-size: 14pt; font-family: 'times new roman', times, serif;"><strong><span style="text-decoration: underline;">TPS-PS-MS</span> : Mme Justine Peretz +</strong></span><span style="color: #ff00ff; font-size: 14pt; font-family: 'times new roman', times, serif;"><strong> Mme Anne Kokel (Aide maternelle) + Nolan (Aide maternelle en formation)</strong></span></p>
<p style="text-align: left;"><span style="color: #ff00ff; font-size: 14pt; font-family: 'times new roman', times, serif;"><strong><span style="text-decoration: underline;">Sieste</span> : Mme Anne Kokel<br /></strong></span></p>
<p> </p>
<p><span style="color: #3366ff; font-size: 14pt; font-family: 'times new roman', times, serif;"><strong><span style="text-decoration: underline;">GS-CP</span> : Mme Ségolène Magnier + Mme Clotilde Lelièvre (Aide maternelle le matin)<br /></strong></span></p>
<p><span style="color: #ff6600; font-size: 14pt; font-family: 'times new roman', times, serif;"><strong><span style="text-decoration: underline;">CE1-CE2</span> : Mme Véronique Soyez <br /></strong></span></p>
<p><span style="color: #339966; font-size: 14pt; font-family: 'times new roman', times, serif;"><strong><span style="text-decoration: underline;">CM1-CM2</span> : Mme Justine Planqueel</strong></span></p>
<p><span style="color: #339966; font-size: 14pt; font-family: 'times new roman', times, serif;"><strong>                      <br /></strong></span></p>
<p><span style="font-size: 14pt; font-family: 'times new roman', times, serif;"><strong><span style="color: #808000;"><span style="text-decoration: underline;">Secrétariat</span> : Mme Clotilde Lelièvre (l&rsquo;après-midi)<br /></span></strong></span></p>
<p><strong><span style="color: #808000;"><span style="font-size: 14pt; font-family: 'times new roman', times, serif;"><span style="text-decoration: underline;">Ménage</span> : Mme Françoise Marès</span><br /></span></strong></p>
<p> </p>
</div></div>

<p>Année 2024/2025:   Direction: Mme Valérie Turck   TPS-PS-MS : Mme Justine Peretz + Mme Anne Kokel (Aide maternelle) + Nolan (Aide maternelle en formation) Sieste : Mme Anne Kokel   GS-CP : Mme Ségolène Magnier + Mme Clotilde Lelièvre (Aide maternelle le matin) CE1-CE2 : Mme Véronique Soyez  CM1-CM2 : Mme Justine Planqueel                        Secrétariat : Mme Clotilde Lelièvre (l&rsquo;après-midi) Ménage : Mme Françoise Marès  </p>
