{"id":33,"date":"2016-09-06T18:02:27","date_gmt":"2016-09-06T16:02:27","guid":{"rendered":"http:\/\/notredamedelavisitation-gruson.fr\/?page_id=33"},"modified":"2024-10-07T10:47:09","modified_gmt":"2024-10-07T08:47:09","slug":"cantine","status":"publish","type":"page","link":"https:\/\/notredamedelavisitation-gruson.fr\/?page_id=33","title":{"rendered":"Cantine"},"content":{"rendered":"<ul>\n<li><span style=\"text-decoration: underline; color: #000000;\">Les Sp\u00e9cificit\u00e9s de la cantine<\/span><\/li>\n<\/ul>\n<p><span style=\"color: #000000;\">Le service cantine est assur\u00e9 par la Mairie de Gruson dans le nouveau restaurant scolaire.<\/span><\/p>\n<p><span style=\"color: #000000;\">Les\u00a0<b>inscriptions<\/b>\u00a0se font sur le <span style=\"text-decoration: underline;\"><strong><a href=\"https:\/\/portailfamille.myperischool.fr\/connexion\" target=\"_blank\" rel=\"noopener noreferrer\">portail famille My P\u00e9rischool<\/a><\/strong><\/span> (Code d&rsquo;acc\u00e8s : GV5BM1W), le jeudi soir au plus tard pour la semaine suivante.<\/span><\/p>\n<p><span style=\"color: #000000;\">Le service se fait \u00e0 table pour les maternelles jusqu\u2019\u00e0 la grande section, au self \u00e0 partir du CP et jusqu\u2019au CM2.<\/span><br \/><span style=\"color: #000000;\">Les plats sont r\u00e9chauff\u00e9s sur place dans un four adapt\u00e9 aux collectivit\u00e9s.\u00a0<\/span><span style=\"color: #000000;\">Les repas sont fournis par les services traiteurs de la soci\u00e9t\u00e9 Sobrie.<\/span><\/p>\n<p><span style=\"color: #000000;\">Les \u00e9l\u00e8ves mangent \u00e0 deux services diff\u00e9rents. Les plus jeunes mangent en premier \u00e0 partir de 11h45 et les plus grands mangent vers 12h30. Lorsqu&rsquo;ils ne sont pas en cantine, les enfants jouent sur la cour de l&rsquo;\u00e9cole Pasteur, surveill\u00e9s par du personnel de mairie, ou font des activit\u00e9s en int\u00e9rieur selon la m\u00e9t\u00e9o.<\/span><\/p>\n<p><span style=\"color: #000000;\">A 13h20, les TPS\/PS se rendent en salle de sieste apr\u00e8s un passage aux toilettes.<\/span><\/p>\n<p>\u00a0<\/p>\n<p><strong>\u00a0<\/strong><\/p>\n\n\n<p><\/p>\n","protected":false},"excerpt":{"rendered":"<p>Les Sp\u00e9cificit\u00e9s de la cantine Le service cantine est assur\u00e9 par la Mairie de Gruson dans le nouveau restaurant scolaire. Les\u00a0inscriptions\u00a0se font sur le portail famille My P\u00e9rischool (Code d&rsquo;acc\u00e8s : GV5BM1W), le jeudi soir au plus tard pour la semaine suivante. Le service se fait \u00e0 table pour les maternelles jusqu\u2019\u00e0 la grande section, au self \u00e0 partir du CP et jusqu\u2019au CM2.Les plats sont r\u00e9chauff\u00e9s sur place dans un four adapt\u00e9 aux collectivit\u00e9s.\u00a0Les repas sont fournis par les services traiteurs de la soci\u00e9t\u00e9 Sobrie. Les \u00e9l\u00e8ves mangent \u00e0 deux services diff\u00e9rents. Les plus jeunes mangent en premier \u00e0 <a href=\"https:\/\/notredamedelavisitation-gruson.fr\/?page_id=33\" class=\"read-more\">Read More &#8230;<\/a><\/p>\n","protected":false},"author":2,"featured_media":0,"parent":18,"menu_order":1,"comment_status":"closed","ping_status":"open","template":"template-page-builder-no-sidebar.php","meta":{"ngg_post_thumbnail":0,"footnotes":""},"class_list":["post-33","page","type-page","status-publish","hentry"],"jetpack_sharing_enabled":true,"_links":{"self":[{"href":"https:\/\/notredamedelavisitation-gruson.fr\/index.php?rest_route=\/wp\/v2\/pages\/33","targetHints":{"allow":["GET"]}}],"collection":[{"href":"https:\/\/notredamedelavisitation-gruson.fr\/index.php?rest_route=\/wp\/v2\/pages"}],"about":[{"href":"https:\/\/notredamedelavisitation-gruson.fr\/index.php?rest_route=\/wp\/v2\/types\/page"}],"author":[{"embeddable":true,"href":"https:\/\/notredamedelavisitation-gruson.fr\/index.php?rest_route=\/wp\/v2\/users\/2"}],"replies":[{"embeddable":true,"href":"https:\/\/notredamedelavisitation-gruson.fr\/index.php?rest_route=%2Fwp%2Fv2%2Fcomments&post=33"}],"version-history":[{"count":27,"href":"https:\/\/notredamedelavisitation-gruson.fr\/index.php?rest_route=\/wp\/v2\/pages\/33\/revisions"}],"predecessor-version":[{"id":14250,"href":"https:\/\/notredamedelavisitation-gruson.fr\/index.php?rest_route=\/wp\/v2\/pages\/33\/revisions\/14250"}],"up":[{"embeddable":true,"href":"https:\/\/notredamedelavisitation-gruson.fr\/index.php?rest_route=\/wp\/v2\/pages\/18"}],"wp:attachment":[{"href":"https:\/\/notredamedelavisitation-gruson.fr\/index.php?rest_route=%2Fwp%2Fv2%2Fmedia&parent=33"}],"curies":[{"name":"wp","href":"https:\/\/api.w.org\/{rel}","templated":true}]}}